7
What is the thousands digit of 190741?
0
What is the hundreds digit of 149317?
3
What is the thousands digit of 41059?
1
What is the units digit of 8736483?
3
What is the hundred thousands digit of 6352720?
3
What is the hundreds digit of 282859?
8
What is the hundred thousands digit of 444256?
4
What is the units digit of 16302064?
4
What is the tens digit of 208678?
7
What is the tens digit of 1163235?
3
What is the millions digit of 7664951?
7
What is the units digit of 4434429?
9
What is the hundreds digit of 6296440?
4
What is the units digit of 24934365?
5
What is the units digit of 20147827?
7
What is the ten thousands digit of 13126690?
2
What is the millions digit of 27229074?
7
What is the hundred thousands digit of 447625?
4
What is the hundreds digit of 445093?
0
What is the thousands digit of 2323712?
3
What is the units digit of 3627?
7
What is the hundred thousands digit of 103873?
1
What is the tens digit of 2850318?
1
What is the ten millions digit of 26318080?
2
What is the hundreds digit of 155579?
5
What is the hundred thousands digit of 37051937?
0
What is the thousands digit of 1149338?
9
What is the hundreds digit of 173740?
7
What is the tens digit of 4153558?
5
What is the units digit of 12314204?
4
What is the hundreds digit of 17393379?
3
What is the units digit of 58995?
5
What is the thousands digit of 633077?
3
What is the ten thousands digit of 1151557?
5
What is the hundreds digit of 298005?
0
What is the hundreds digit of 18464937?
9
What is the hundreds digit of 702556?
5
What is the hundreds digit of 327391?
3
What is the hundred thousands digit of 2136220?
1
What is the hundreds digit of 430192?
1
What is the units digit of 3126423?
3
What is the tens digit of 190078?
7
What is the hundreds digit of 19932549?
5
What is the hundreds digit of 45027?
0
What is the hundreds digit of 15439853?
8
What is the ten thousands digit of 381962?
8
What is the ten thousands digit of 3653861?
5
What is the units digit of 1362168?
8
What is the hundred thousands digit of 941182?
9
What is the millions digit of 5025552?
5
What is the hundreds digit of 8209153?
1
What is the hundred thousands digit of 822301?
8
What is the units digit of 1170087?
7
What is the tens digit of 5185016?
1
What is the units digit of 16342?
2
What is the hundred thousands digit of 3592153?
5
What is the thousands digit of 745560?
5
What is the units digit of 1437?
7
What is the hundred thousands digit of 1528510?
5
What is the thousands digit of 184485?
4
What is the hundred thousands digit of 340533?
3
What is the hundreds digit of 24993781?
7
What is the units digit of 252502?
2
What is the hundreds digit of 196145?
1
What is the thousands digit of 288685?
8
What is the ten thousands digit of 260853?
6
What is the tens digit of 562798?
9
What is the hundred thousands digit of 216936?
2
What is the millions digit of 26337205?
6
What is the thousands digit of 132141?
2
What is the hundreds digit of 342193?
1
What is the thousands digit of 195172?
5
What is the thousands digit of 2141973?
1
What is the ten thousands digit of 1268357?
6
What is the tens digit of 209360?
6
What is the units digit of 65741?
1
What is the hundreds digit of 1620366?
3
What is the units digit of 21071953?
3
What is the hundreds digit of 7348390?
3
What is the thousands digit of 2007269?
7
What is the thousands digit of 15302471?
2
What is the hundreds digit of 8175836?
8
What is the thousands digit of 328390?
8
What is the units digit of 56370?
0
What is the ten millions digit of 10349152?
1
What is the hundreds digit of 2288230?
2
What is the millions digit of 2238445?
2
What is the hundred thousands digit of 13638511?
6
What is the thousands digit of 51800?
1
What is the tens digit of 455510?
1
What is the hundred thousands digit of 314889?
3
What is the hundred thousands digit of 995751?
9
What is the ten thousands digit of 428612?
2
What is the tens digit of 937195?
9
What is the ten thousands digit of 9966434?
6
What is the thousands digit of 413290?
3
What is the hundreds digit of 41915?
9
What is the tens digit of 3620098?
9
What is the hundreds digit of 15247771?
7
What is the ten millions digit of 18030708?
1
What is the hundred thousands digit of 769207?
7
What is the tens digit of 11822504?
0
What is the thousands digit of 3558615?
8
What is the tens digit of 4404778?
7
What is the hundreds digit of 168297?
2
What is the thousands digit of 10508269?
8
What is the thousands digit of 182445?
2
What is the units digit of 2953865?
5
What is the hundred thousands digit of 484195?
4
What is the tens digit of 13169236?
3
What is the tens digit of 1789069?
6
What is the hundred thousands digit of 4415898?
4
What is the millions digit of 12606066?
2
What is the hundreds digit of 5495688?
6
What is the millions digit of 27207647?
7
What is the millions digit of 1234659?
1
What is the thousands digit of 210349?
0
What is the tens digit of 58645?
4
What is the thousands digit of 1411080?
1
What is the units digit of 1412104?
4
What is the units digit of 536257?
7
What is the ten thousands digit of 3742886?
4
What is the units digit of 134053?
3
What is the ten thousands digit of 367161?
6
What is the hundred thousands digit of 1402940?
4
What is the millions digit of 3593645?
3
What is the thousands digit of 5573694?
3
What is the millions digit of 21006786?
1
What is the thousands digit of 536536?
6
What is the ten thousands digit of 10859?
1
What is the ten thousands digit of 159124?
5
What is the hundred thousands digit of 280158?
2
What is the units digit of 801576?
6
What is the hundred thousands digit of 283389?
2
What is the hundreds digit of 699537?
5
What is the ten thousands digit of 2606382?
0
What is the tens digit of 1117357?
5
What is the hundreds digit of 45151?
1
What is the millions digit of 6527702?
6
What is the hundreds digit of 2513489?
4
What is the thousands digit of 8935202?
5
What is the hundreds digit of 7122156?
1
What is the hundreds digit of 1709?
7
What is the hundred thousands digit of 356832?
3
What is the thousands digit of 373331?
3
What is the tens digit of 428531?
3
What is the thousands digit of 622174?
2
What is the millions digit of 2814896?
2
What is the ten thousands digit of 26430782?
3
What is the tens digit of 1005309?
0
What is the units digit of 45915?
5
What is the hundred thousands digit of 3790396?
7
What is the thousands digit of 22845083?
5
What is the units digit of 316809?
9
What is the millions digit of 2797645?
2
What is the ten thousands digit of 854995?
5
What is the millions digit of 5587587?
5
What is the hundreds digit of 12490485?
4
What is the thousands digit of 1420820?
0
What is the hundreds digit of 4904819?
8
What is the units digit of 19306?
6
What is the tens digit of 867660?
6
What is the hundreds digit of 107159?
1
What is the units digit of 2503085?
5
What is the hundred thousands digit of 3959054?
9
What is the hundred thousands digit of 3992617?
9
What is the units digit of 551478?
8
What is the units digit of 2851600?
0
What is the ten thousands digit of 565649?
6
What is the hundred thousands digit of 208310?
2
What is the ten thousands digit of 11420?
1
What is the thousands digit of 841612?
1
What is the ten thousands digit of 2022217?
2
What is the millions digit of 8687988?
8
What is the thousands digit of 2276240?
6
What is the thousands digit of 407359?
7
What is the tens digit of 2569744?
4
What is the hundred thousands digit of 9185619?
1
What is the thousands digit of 559203?
9
What is the hundred thousands digit of 124848?
1
What is the ten thousands digit of 4817652?
1
What is the ten thousands digit of 99049?
9
What is the ten thousands digit of 10002264?
0
What is the thousands digit of 168225?
8
What is the hundred thousands digit of 11560467?
5
What is the millions digit of 2474146?
2
What is the hundred thousands digit of 3525123?
5
What is the ten thousands digit of 35566?
3
What is the tens digit of 77543?
4
What is the ten thousands digit of 276854?
7
What is the tens digit of 5503627?
2
What is the tens digit of 948261?
6
What is the tens digit of 16083?
8
What is the thousands digit of 469759?
9
What is the hundreds digit of 4560170?
1
What is the tens digit of 26353592?
